+ 1. Let u(f) = -f**3 + 5*f**2 + 6*f - 9. Let y(j) = 6*m(j) - u(j). Suppose -22*q - 2*p + 27 = -19*q, 5*q + 5*p = 40. Determine y(q).
15
Suppose 361*w - 364*w = -18, 3*w - 3 = 3*f. Let l(q) = -q**3 + 6*q**2 - 4*q - 9. What is l(f)?
-4
Let l(h) = 19*h**3 - 12*h**2 + 20*h - 6. Let a(c) = 16*c**3 - 12*c**2 + 19*c - 7. Let p(r) = -6*a(r) + 5*l(r). Calculate p(10).
72
Let q(m) = -3*m - 2. Let w be q(-7). Let p(j) = -4*j**2 + 3*j**2 - 3*j - 7 + 2*j**2 - w*j. Let l be p(22). Let b(x) = -x - 3. Determine b(l).
4
Let r(j) = 11*j - 2. Let u(l) = 7*l - 3. Let a(c) = -12*c - 78. Let v be a(-6). Let q(o) = v*u(o) + 4*r(o). Determine q(-6).
-2
Let m(j) = -2*j - 6. Suppose 25 = 23*c - 21. Suppose c*n = -3*h + 27, 28*h - 27*h = -3*n + 16. What is m(h)?
-20
Let f(a) = a**3 + 6*a**2 - 2*a + 5. Let s(h) = -50*h**2 - 5*h - 5. Let v be s(-3). Let l = -446 - v. Give f(l).
17
Let m(o) = -o**2 - 3*o - 27. Let k be m(0). Let w be (26 + k)*-8*1. Suppose -5*n + 20 = r - 0*n, -3*r = 2*n - w. Let h(g) = g - 8. What is h(r)?
-8
Let m = 71 + -52. Let d = m + -17. Let l(z) = -4 + z**3 + 7*z - 6*z**d - 2*z + 1 + 4. Determine l(5).
1
Let a(t) = 11*t + 45. Let u(r) = 7*r + 30. Let d(o) = -5*a(o) + 8*u(o). Let n(h) = -1. Let m(f) = 2*d(f) + 18*n(f). Determine m(-10).
-8
Let r(b) = -296 + 9*b + 4*b**2 + 288 - 17*b. Determine r(-1).
4
Let k(s) be the first derivative of -4*s**2 - 2*s + 1. Let j = -22640 + 22639. Let h be k(j). Let d(z) = -2*z + 8. Calculate d(h).
-4
Let p(w) = -4*w**2 - 325*w + 602*w - 273*w + 4 - w**3 - 1. Let a = 0 + 4. Let f be 4*1/(a/(-5)). Give p(f).
8
Let q(k) = -206*k + 415. Let x be q(2). Let v(r) be the third derivative of -5/6*r**x + 0*r + 0 - 10*r**2 + 1/8*r**4. What is v(4)?
7
Let j(x) be the third derivative of -18*x**2 + 0 - 5/24*x**4 + 1/60*x**5 + 0*x - x**3. Let q = 4 - -2. What is j(q)?
0
Let w(v) = 38*v - 6*v**2 - 13*v - 15 + 3*v**2 - 20*v + v**2. What is w(2)?
-13
Let d(p) = p**3 - 7*p**2 - 441*p + 3060. Let i be d(7). Let u(r) = 30*r + 805. Determine u(i).
-5
Let w = -12 - -15. Let t(d) = -d**w - 2*d**2 - 2*d - 5*d + 5*d - 2*d**2 + 1. Let k = 2244 - 2248. Calculate t(k).
9
Let t(m) = 2*m - 8. Suppose 0 = 17*z + 44*z - 158 + 219. Determine t(z).
-10
Let l(n) = -n**3 + 5*n**2 + 3*n - 4. Suppose -20*o = -23*o. Suppose -5*y - 3*z - z = -50, o = -3*y - 3*z + 33. Give l(y).
-22
Let l(w) = -32*w - 27*w + w**3 + 16 + 144*w + 7*w**2 - 31*w - 39*w. Determine l(-5).
-9
Let c be 104/12 + (3/9 - 0). Let d(n) = -12 - 17 + n**3 - c*n**2 + 3*n**2 + 18 - 14*n. What is d(8)?
5
Let d(g) = g - 23. Let j = 7593 + -7577. What is d(j)?
-7
Let n be (6/5)/(8/(-40)). Let w be 4/n + (-64)/(-24). Let i(d) = -d - 1. Let x(q) = -q - 2. Let p(z) = w*x(z) - 3*i(z). Calculate p(3).
2
Let g be -5 + 7 - 3*-1. Let l(q) = -g*q + 4*q + 2 + 2. Suppose -4*w + 15 = -m, 0*w + 9 = 2*w + m. Determine l(w).
0
Let z(y) = -1 - 10*y**2 - y**3 + 47025*y - y**2 - 2 - 47011*y. Determine z(-12).
-27
Let u(k) = -2*k**2 - 4*k + 12. Suppose 0 = d - 103*w + 105*w - 8, 3*w = -4*d + 17. What is u(d)?
-4
Let c(v) = v**3 - 7*v**2 + 4*v - 2. Let t be 498 + (5 - 2) + -9. Let n = -485 + t. What is c(n)?
26
Let s(b) be the first derivative of b**3/3 + b**2/2 + 7*b - 353. Calculate s(3).
19
Let x(k) be the second derivative of -32*k + 13/6*k**3 + 0 + 1/2*k**2. Calculate x(1).
14
Let i(u) = -5*u**2 + 42*u + 11. Let w(h) = 2*h**2 - 19*h - 5. Let x(v) = 3*i(v) + 7*w(v). Let z(g) = g**2 - 9*g - 6. Let c be z(9). Calculate x(c).
4
Suppose 3*q - 575*w - 48 = -578*w, -4*w - 16 = -4*q. Let k(t) = -t**3 + 11*t**2 - 20*t + 91. Give k(q).
-9
Let b(s) be the first derivative of -s**3/6 - 14*s**2 - 27*s + 36. Let i(q) be the first derivative of b(q). Determine i(0).
-28
Let w(u) be the second derivative of u**3/3 - 18*u**2 - 6826*u. Give w(-11).
-58
Let i(n) be the third derivative of n**4/6 + n**2. Let t(z) = -z**3 - 3*z**2 + 11*z - 50. Let c be t(-6). Give i(c).
-32
Suppose -7*m + 5*m = 78. Let r be -8 + m/(-4) + (-3)/4. Let y(n) = -n - 1 + 5*n - 2*n. What is y(r)?
1
Let w = 4 - 2. Let q(l) = 3*l - 3. Let p(b) = 1266*b + 1 - 632*b - 636*b. Let h(d) = w*q(d) + 5*p(d). Determine h(1).
-5
Let d be (-45)/((-40)/8) + 12. Let x(s) = -23 + 16 - 2*s + d. Calculate x(5).
4
Let w be (-120)/25 + -4 + 36/(-30). Let f(p) = 9*p + 88. Give f(w).
-2
Suppose n + 8 = 24. Let f = -14 + n. Let j(t) = -t**3 - 2*t**2 + 2*t - 3. Give j(f).
-15
Suppose -m + 472 = -1138. Suppose 11*n = n + m. Let b(g) = -81*g + g**2 - 82*g - 10 + n*g. What is b(7)?
25
Suppose -3*u = -3, -9*c - 3*u - 151 = 16*c - 3*c. Let h(b) be the second derivative of b**5/20 + 2*b**4/3 + 2*b**3/3 - 4*b**2 + b. Determine h(c).
13
Suppose s + 7 = 3*m, s - 2 = 2*m - 7. Let c be ((m*-2)/4)/(1/3). Let a be ((-4)/c)/((-4)/(-3)). Let n(x) = -3*x**2 - x + 1. Determine n(a).
-3
Let i = 18 + -21. Let t(g) = -4*g - 2. Let w(f) = -f - 1. Let u(c) = i*w(c) + t(c). Give u(6).
-5
Let b(d) = -2*d + 12. Let a(p) = 0 + 9 - 134*p + 132*p. Let i(o) = 5*a(o) - 4*b(o). What is i(5)?
-13
Suppose -105 + 263 = 128*t - 354. Let j(l) be the third derivative of -6*l**2 + 1/30*l**5 + 0*l + 1/8*l**t - 1/6*l**3 + 0. What is j(-3)?
8
Let n(b) = 3*b**2 - 2*b - 2. Let s be n(-1). Suppose s*l = -5*y - 37, -y = 2*l + y + 18. Let v(j) be the first derivative of -j**2/2 - 4*j + 25. Give v(l).
0
Let z be -5 - (12/(-78) + 960/(-13)). Let g = 65 - z. Let h(y) = 5*y - 1. Calculate h(g).
-21
Let v(u) = 8 - 12*u**2 + 11*u**2 + 2*u - 2. Let f = -787 + 792. What is v(f)?
-9
Let w(l) = -l**2 + l + 3. Suppose -5*v - 362 = -2*n, 5*n = -2*v + 3*n - 156. Let m = 141 + v. Let o = m - 64. Calculate w(o).
-3
Let l(s) = -s**3 - 3*s**2 + 32*s - 69. Let x be l(-8). Suppose -5*c + 0*c - 5*d = -25, c - 2*d = -4. Let m(k) = 0 - 5*k - c + k - k**2. Determine m(x).
-7
Let s(a) = a**2 - 14*a - 19. Let n be (1/(-3))/((-1)/3) - (-268 - -254). Determine s(n).
-4
Let h(p) = -2*p - 12. Suppose 0 = 3*m - 4*m + 7. Calculate h(m).
-26
Let j be (5 - 37)*2/4. Let x be (-4 - j/3)/(3/9). Suppose 6*t - x = 7*t. Let h(a) = -a**2 - 2*a - 2. Determine h(t).
-10
Let x(v) = -37*v**2 - 187*v - 4. Let j be x(-5). Let t(g) = -g**2 + 13*g - 35. Give t(j).
7
Let h(c) be the first derivative of 6 - 5 - 10 - 11*c**3 + c. What is h(-1)?
-32
Suppose 11*a + 24*a = -1855. Let i be 8*3*(-2)/1. Let z = i - a. Let w(q) = -q**3 + 6*q**2 - 7*q + 4. Calculate w(z).
-6
Let u(i) = 7*i + 1. Let c(h) = -2*h - 31. Let a be c(-17). Let o(y) = a + 5*y - 6*y - 1 + 14*y. Let s(m) = -6*o(m) + 11*u(m). Determine s(3).
-4
Let l be 10/5*-3 - (-10 + -6 - -6). Let m(i) = -3*i**2 + 3*i. Calculate m(l).
-36
Let k(m) = -65 - 9*m - 9 + 2*m + 19 + 12*m. Determine k(9).
-10
Let a(u) = u + 4*u - 4*u**2 + 3*u**2 - 3 + 2*u**2. Let o(r) = 49*r - 56. Let h be o(1). What is a(h)?
11
Let n(j) = 2*j - 3. Let p(w) = -w**3 - 6*w**2 - 4*w + 9. Let t be p(-5). Let b(a) = -a - 6. Let o be b(t). Let y be (3/(-6))/((-1)/o). Give n(y).
-13
Let l(q) be the third derivative of -26 + 0*q - 2*q**2 - 1/6*q**4 + 1/2*q**3. Give l(2).
-5
Let t(r) = -2*r + 23 + 0*r - r. Suppose -2*b = -3*f - 1346 + 1406, -6*b = 2*f + 70. Determine t(f).
-7
Let f(l) = 2*l**2 - l. Let p be 13 - -2*(-18)/(-12). Suppose -45*r + 61 - p = 0. What is f(r)?
1
Let r(f) = 6*f**2 - 9*f - 8. Let a(s) = 5*s**2 - 8*s - 8. Let z(w) = -5*a(w) + 4*r(w). Let o(y) = 34*y + 1231. Let d be o(-36). What is z(d)?
-13
Suppose 33 = -3*p - 4*s, 35*p = 33*p + 5*s + 24. Let b(i) = -8*i + 19. What is b(p)?
43
Let p = -91 - -81. Let m be (-4 + (-25)/p)*-6. Let d(z) = z**2 - 10*z + 4. Determine d(m).
-5
Suppose 330 + 129 = 17*j. Let b(s) = s. Let p be b(-1). Let f be (-156)/j - 2/9 - p. Let m(a) = a**2 + 7*a + 2. Calculate m(f).
-8
Let v(t) = 3*t. Let r(z) be the third derivative of z**4/3 - 95*z**3/2 + 11*z**2. Let d be r(35). What is v(d)?
-15
Let r(t) = -4*t - 1. Suppose 3*s - 30*y + 18 = -29*y, 1 = 4*s + 7*y. Determine r(s).
19
Let v(z) = 3*z**3 + z**2 + 2*z. Let o(d) = -2*d**3 - d**2 - 3*d + 1. Let y(r) = 4*o(r) + 3*v(r). Let q be (1 - (6 + -7 - 1))/((-126)/(-168)). What is y(q)?
28
Let h(d) = -9*d - 3 + 3 + 1 - d**2 - 7 - 5*d. Give h(-12).
18
Let k(b) = b**2 - b + 4. Let r(q) = -3*q**2 - 47*q + 11. Let n(h) = h**2 + 15*h - 4. Let g(o) = 11*n(o) + 4*r(o). Let c be g(-23). Calculate k(c).
4
Let t(d) = 2*d**2 - 37*d + 12. Let l be t(18). Let g be (-8)/l*